{"id":809,"date":"2019-11-13T18:54:54","date_gmt":"2019-11-13T18:54:54","guid":{"rendered":"https:\/\/heloisafleury.com.br\/wp-content\/uploads\/2019\/11\/47-web.jpg"},"modified":"2019-11-13T18:54:54","modified_gmt":"2019-11-13T18:54:54","slug":"devanir-merengue-meu-antecessor-na-funcao-de-editor-da-revista-brasileira-de-psicodrama","status":"inherit","type":"attachment","link":"https:\/\/heloisafleury.com.br\/en\/devanir-merengue-meu-antecessor-na-funcao-de-editor-da-revista-brasileira-de-psicodrama\/","title":{"rendered":"Devanir Merengu\u00e9, meu antecessor na fun\u00e7\u00e3o de editor da Revista Brasileira de Psicodrama"},"author":1,"featured_media":0,"comment_status":"closed","ping_status":"closed","template":"","meta":[],"class_list":["post-809","attachment","type-attachment","status-inherit","hentry","entry","post-inner"],"aioseo_notices":[],"description":{"rendered":"<p class=\"attachment\"><a href='https:\/\/heloisafleury.com.br\/wp-content\/uploads\/2019\/11\/47-web.jpg'><img loading=\"lazy\" decoding=\"async\" width=\"300\" height=\"200\" src=\"https:\/\/heloisafleury.com.br\/wp-content\/uploads\/2019\/11\/47-web-300x200.jpg\" class=\"attachment-medium size-medium\" alt=\"\" srcset=\"https:\/\/heloisafleury.com.br\/wp-content\/uploads\/2019\/11\/47-web-300x200.jpg 300w, https:\/\/heloisafleury.com.br\/wp-content\/uploads\/2019\/11\/47-web.jpg 500w\" sizes=\"auto, (max-width: 300px) 100vw, 300px\" \/><\/a><\/p>\n"},"caption":{"rendered":""},"alt_text":"","media_type":"image","mime_type":"image\/jpeg","media_details":{"width":500,"height":333,"file":"2019\/11\/47-web.jpg","sizes":{"thumbnail":{"file":"47-web-150x150.jpg","width":150,"height":150,"mime_type":"image\/jpeg","source_url":"https:\/\/heloisafleury.com.br\/wp-content\/uploads\/2019\/11\/47-web-150x150.jpg"},"medium":{"file":"47-web-300x200.jpg","width":300,"height":200,"mime_type":"image\/jpeg","source_url":"https:\/\/heloisafleury.com.br\/wp-content\/uploads\/2019\/11\/47-web-300x200.jpg"},"full":{"file":"47-web.jpg","width":500,"height":333,"mime_type":"image\/jpeg","source_url":"https:\/\/heloisafleury.com.br\/wp-content\/uploads\/2019\/11\/47-web.jpg"}},"image_meta":{"aperture":"0","credit":"","camera":"","caption":"","created_timestamp":"0","copyright":"","focal_length":"0","iso":"0","shutter_speed":"0","title":"","orientation":"0","keywords":[]}},"post":null,"source_url":"https:\/\/heloisafleury.com.br\/wp-content\/uploads\/2019\/11\/47-web.jpg","_links":{"self":[{"href":"https:\/\/heloisafleury.com.br\/en\/wp-json\/wp\/v2\/media\/809","targetHints":{"allow":["GET"]}}],"collection":[{"href":"https:\/\/heloisafleury.com.br\/en\/wp-json\/wp\/v2\/media"}],"about":[{"href":"https:\/\/heloisafleury.com.br\/en\/wp-json\/wp\/v2\/types\/attachment"}],"author":[{"embeddable":true,"href":"https:\/\/heloisafleury.com.br\/en\/wp-json\/wp\/v2\/users\/1"}],"replies":[{"embeddable":true,"href":"https:\/\/heloisafleury.com.br\/en\/wp-json\/wp\/v2\/comments?post=809"}]}}

Devanir Merengué, meu antecessor na função de editor da Revista Brasileira de Psicodrama
